te the greatest common divisor of 6224 and 67384.
8
Calculate the greatest common factor of 2050 and 169070.
10
What is the greatest common divisor of 385220 and 24310?
1870
What is the highest common factor of 3138342144 and 12?
12
What is the greatest common divisor of 182621217 and 1767?
1767
What is the greatest common factor of 418608 and 12730?
38
Calculate the highest common factor of 109141922 and 1114.
1114
What is the highest common divisor of 181651785 and 65100?
3255
Calculate the greatest common divisor of 2170840 and 5530.
70
What is the greatest common divisor of 484406 and 103168?
806
Calculate the highest common divisor of 74157543 and 27738.
13869
Calculate the highest common divisor of 2955476 and 5676.
172
What is the greatest common divisor of 84 and 8823756?
12
What is the highest common divisor of 540398 and 7942?
38
What is the highest common divisor of 492562 and 8621?
233
Calculate the greatest common divisor of 122352056 and 152.
8
What is the greatest common divisor of 1322024 and 45612?
724
What is the greatest common divisor of 23111 and 30127576?
191
What is the greatest common divisor of 36 and 26539938?
18
Calculate the greatest common divisor of 63 and 469721.
7
Calculate the greatest common factor of 491375 and 35292518.
3931
Calculate the greatest common divisor of 13072 and 36100.
76
Calculate the highest common factor of 7495140 and 150.
30
What is the highest common divisor of 552858 and 6?
6
Calculate the highest common factor of 1387353 and 4896.
51
What is the greatest common factor of 75372784 and 848?
848
Calculate the highest common factor of 9610 and 8731460.
310
What is the greatest common divisor of 3724530 and 180?
30
Calculate the highest common divisor of 487475 and 1295.
185
What is the highest common factor of 4995851 and 2072?
259
Calculate the greatest common divisor of 530264371 and 52.
13
What is the highest common factor of 1471 and 1361?
1
Calculate the greatest common factor of 78152159 and 835.
167
Calculate the greatest common divisor of 3924 and 2180436.
1308
Calculate the greatest common factor of 76110485 and 627.
209
What is the greatest common factor of 122 and 98913757?
61
What is the highest common factor of 78 and 6019143?
39
What is the highest common factor of 692 and 51372?
4
Calculate the greatest common factor of 997610 and 90.
10
What is the greatest common divisor of 17563774 and 2792?
698
Calculate the greatest common divisor of 377985 and 1336112.
113
What is the greatest common divisor of 159 and 10419?
3
Calculate the highest common factor of 1217758 and 1396163.
1151
Calculate the greatest common factor of 8 and 99125132.
4
Calculate the highest common factor of 9881400 and 166605.
5745
Calculate the highest common divisor of 20 and 8317548.
4
What is the greatest common divisor of 302708 and 119168?
532
Calculate the greatest common factor of 17450 and 109350.
50
What is the greatest common factor of 1221723 and 315?
9
Calculate the greatest common divisor of 1081 and 22322885.
47
What is the highest common factor of 226446 and 102648?
282
What is the greatest common divisor of 390 and 1090853790?
390
What is the highest common divisor of 3079945 and 6765?
55
What is the greatest common factor of 1521 and 2460393?
117
What is the highest common divisor of 30727736 and 208?
104
What is the greatest common factor of 615157 and 21303?
263
What is the highest common divisor of 38828051 and 34?
17
Calculate the greatest common divisor of 132772 and 3015322.
3494
What is the highest common factor of 144064024 and 1560?
104
Calculate the greatest common factor of 20412114 and 261.
87
What is the highest common factor of 10537710 and 120?
30
What is the highest common divisor of 539105 and 14097965?
7385
Calculate the greatest common divisor of 70805 and 52845095.
1445
Calculate the highest common factor of 34764336 and 15.
3
What is the greatest common factor of 7438510 and 190?
10
Calculate the greatest common divisor of 4 and 442286.
2
Calculate the greatest common factor of 40653637 and 3713.
3713
Calculate the greatest common factor of 7212 and 1172847894.
3606
What is the greatest common factor of 694654587 and 5445?
1089
Calculate the highest common divisor of 90027 and 50211.
63
Calculate the greatest common factor of 156 and 58738784.
52
What is the greatest common divisor of 188071 and 38272?
299
Calculate the greatest common divisor of 240067 and 69068.
557
Calculate the greatest common factor of 222 and 16190682.
222
Calculate the highest common divisor of 30590 and 228190.
190
Calculate the highest common divisor of 7357010 and 13570.
230
Calculate the greatest common divisor of 11334080 and 20480.
320
What is the highest common factor of 354442676 and 218036?
16772
Calculate the highest common factor of 3579499 and 1595.
319
Calculate the greatest common divisor of 100 and 7530170.
10
Calculate the highest common divisor of 789490206 and 6696.
1674
What is the greatest common factor of 472 and 272110183?
59
Calculate the highest common factor of 8517194 and 112.
14
Calculate the greatest common divisor of 235 and 18936525.
5
Calculate the greatest common divisor of 1218 and 13559994.
1218
What is the greatest common factor of 5363899 and 368?
23
Calculate the highest common divisor of 525969 and 21789.
9
Calculate the highest common divisor of 2444 and 33219412.
188
What is the highest common divisor of 9826 and 146642?
34
Calculate the greatest common divisor of 934680775 and 35.
35
Calculate the highest common factor of 36308 and 11343292.
116
Calculate the highest common divisor of 1488 and 55315904.
496
What is the highest common divisor of 89566850 and 125?
25
What is the greatest common divisor of 55182208 and 2908?
2908
Calculate the greatest common factor of 12474 and 109201554.
4158
Calculate the greatest common divisor of 34848 and 8532128.
352
Calculate the highest common divisor of 146854 and 23432.
202
What is the greatest common factor of 634843286 and 14?
14
Calculate the greatest common factor of 177 and 550057.
59
Calculate the highest common factor of 256110 and 195.
15
What is the greatest common factor of 112 and 380973096?
56
What is the highest common factor of 81617653 and 26?
13
What is the greatest common factor of 64906 and 6222?
34
What is the highest common divisor of 1913452220 and 4870?
4870
Calculate the greatest common factor of 2552 and 30776.
8
What is the greatest common divisor of 33841395 and 16905?
2415
Calculate the greatest common divisor of 5429130 and 28865.
1255
Calculate the greatest common divisor of 3275 and 7459533.
131
What is the highest common divisor of 3 and 25586316?
3
Calculate the greatest common factor of 24115 and 13146756.
371
Calculate the highest common factor of 3570 and 2459940.
210
What is the greatest common factor of 855436 and 20?
4
Calculate the greatest common divisor of 11933 and 567.
1
What is the highest common factor of 38340 and 13390?
10
What is the highest common factor of 10344243 and 6825?
273
What is the highest common divisor of 163 and 520006?
1
What is the highest common factor of 7040 and 1480960?
640
What is the greatest common divisor of 1546670 and 230?
10
Calculate the greatest common factor of 837064 and 253840.
152
What is the highest common divisor of 26 and 69009434?
26
What is the greatest common factor of 18980046 and 90954?
2934
What is the greatest common factor of 4655 and 746016?
19
Calculate the highest common factor of 802 and 72708518.
802
What is the highest common divisor of 37524081 and 105?
21
What is the greatest common factor of 38665665 and 135?
45
Calculate the greatest common factor of 11 and 1833073.
11
Calculate the greatest common divisor of 985 and 42470245.
985
Calculate the greatest common divisor of 4462843 and 172919.
479
Calculate the greatest common divisor of 15802352 and 1608.
536
Calculate the greatest common divisor of 827788 and 3068.
52
What is the highest common divisor of 110 and 74427056?
22
What is the highest common divisor of 24 and 561957084?
12
What is the highest common divisor of 368 and 3561178136?
184
Calculate the highest common factor of 656 and 14224.
16
What is the greatest common factor of 15360 and 62582784?
307